mber?
False
Is 1245545747 a composite number?
False
Is 83848781 composite?
False
Is 7323793901 composite?
False
Is 5896466005 prime?
False
Is 219509201 a prime number?
True
Is 315171317 prime?
True
Is 11671249349 prime?
True
Is 8255614747 composite?
True
Is 24725522134 prime?
False
Is 6911638003 prime?
False
Is 12172733459 a prime number?
True
Is 6452319977 a composite number?
True
Is 14674252043 a composite number?
True
Is 525795343 a composite number?
False
Is 700889743 composite?
False
Is 34141756751 a composite number?
True
Is 1869571465 prime?
False
Is 3427375109 composite?
True
Is 17099633773 composite?
True
Is 6403896053 a composite number?
False
Is 1633259857 composite?
True
Is 143916099 prime?
False
Is 8381695961 composite?
True
Is 285492395 composite?
True
Is 2300165971 a composite number?
False
Is 925940189 a composite number?
True
Is 3917623673 a prime number?
True
Is 633615473 a composite number?
True
Is 9116918323 a composite number?
False
Is 14653860803 a composite number?
False
Is 4104699931 prime?
True
Is 34404151651 composite?
True
Is 84104635855 prime?
False
Is 5219152597 a prime number?
False
Is 497719903 a prime number?
True
Is 71841672367 prime?
True
Is 563603927 composite?
True
Is 158836843 a prime number?
False
Is 28586134033 a prime number?
False
Is 1250697061 a prime number?
False
Is 8929566083 a composite number?
True
Is 59051491 prime?
True
Is 15625284791 prime?
False
Is 4359229181 composite?
True
Is 2598646273 a composite number?
False
Is 2110796902 composite?
True
Is 7135550327 a composite number?
False
Is 456008351 a prime number?
True
Is 1225715677 composite?
False
Is 45268086683 prime?
True
Is 58653794591 a composite number?
True
Is 2423971779 a composite number?
True
Is 23743072609 composite?
False
Is 47438720963 a prime number?
False
Is 1119083347 a composite number?
False
Is 100144219919 a prime number?
True
Is 265544303 a composite number?
True
Is 135411114143 prime?
True
Is 982458803 composite?
False
Is 29131744987 a composite number?
False
Is 806800817 prime?
True
Is 76995986321 composite?
False
Is 2504809061 prime?
True
Is 6369556273 a composite number?
False
Is 117363941 a composite number?
False
Is 908150417 a composite number?
True
Is 90756506887 composite?
False
Is 8699196707 a prime number?
True
Is 24953790854 a prime number?
False
Is 3928526083 a prime number?
True
Is 37921018403 composite?
True
Is 6624057511 a prime number?
True
Is 1931730919 prime?
False
Is 1804692833 a prime number?
True
Is 4688639939 a prime number?
False
Is 5766739999 a composite number?
True
Is 617788261 a composite number?
False
Is 15338772569 a composite number?
False
Is 486703211 a prime number?
True
Is 6502675357 prime?
True
Is 27394664273 a prime number?
False
Is 1676783747 a prime number?
True
Is 118665484669 prime?
True
Is 943477999 composite?
True
Is 2685123257 a composite number?
True
Is 9423430589 prime?
False
Is 8673118459 a prime number?
False
Is 849435857 prime?
True
Is 22398666853 a prime number?
True
Is 16696001809 a prime number?
True
Is 12054881963 a composite number?
False
Is 190989692401 a prime number?
True
Is 3386296661 a composite number?
True
Is 1950287765 prime?
False
Is 48175528537 a composite number?
True
Is 7684738829 prime?
False
Is 111181523 a prime number?
True
Is 1909436681 prime?
True
Is 87818699851 prime?
True
Is 3571856231 composite?
True
Is 783862091 composite?
False
Is 21965652887 a prime number?
True
Is 15136424909 composite?
True
Is 82150657341 a composite number?
True
Is 3176644957 a composite number?
False
Is 10366362137 a composite number?
True
Is 5125448513 a prime number?
False
Is 25208640101 a prime number?
False
Is 18698894893 a composite number?
True
Is 292727179 composite?
False
Is 73874743727 a prime number?
False
Is 7180050589 a composite number?
True
Is 31356213233 a composite number?
True
Is 21339962779 a prime number?
False
Is 93195759667 composite?
True
Is 29054612217 a composite number?
True
Is 183208367 a prime number?
True
Is 306570139 prime?
True
Is 177363741731 a prime number?
False
Is 881615473 a prime number?
True
Is 110219502439 composite?
True
Is 4066329166 a prime number?
False
Is 3697524227 a prime number?
False
Is 539119759 a prime number?
False
Is 28984990511 a prime number?
True
Is 430710611 composite?
False
Is 8503109833 a prime number?
False
Is 968232047 composite?
True
Is 12924130091 a composite number?
False
Is 278907227 prime?
False
Is 705709211 composite?
False
Is 2517626663 a prime number?
True
Is 38714133839 prime?
False
Is 84574241 prime?
False
Is 2971120057 prime?
False
Is 5579719 a prime number?
False
Is 3338315723 composite?
False
Is 328550654917 a prime number?
True
Is 11792412881 a composite number?
False
Is 23096262271 a composite number?
True
Is 118815377 a prime number?
False
Is 24108594863 composite?
True
Is 143254300727 prime?
True
Is 417569447 prime?
True
Is 1899488587 composite?
False
Is 6650578367 composite?
True
Is 28971561197 prime?
True
Is 156909199 composite?
False
Is 35398489439 a prime number?
True
Is 44356338617 a prime number?
True
Is 3743217901 prime?
False
Is 44410970843 prime?
False
Is 104220919921 a prime number?
False
Is 13137785131 a prime number?
False
Is 209982709 prime?
False
Is 22589227 a composite number?
True
Is 481104649 prime?
True
Is 66930681 prime?
False
Is 2515616603 a composite number?
False
Is 50739218093 prime?
False
Is 4152355021 a prime number?
True
Is 49004141 a composite number?
False
Is 1174107254 a prime number?
False
Is 13334808203 a composite number?
False
Is 1980405653 prime?
True
Is 750250247 a composite number?
False
Is 27083882041 composite?
False
Is 447428533 a prime number?
True
Is 2541393863 a prime number?
True
Is 122372753 prime?
False
Is 125100233 a prime number?
True
Is 69937591 prime?
True
Is 272493250813 composite?
True
Is 710985787 a prime number?
True
Is 35686337165 prime?
False
Is 40728743719 composite?
False
Is 6705271919 composite?
True
Is 461267174 a prime number?
False
Is 195793688089 prime?
True
Is 19880000543 a composite number?
True
Is 956518883 a prime number?
False
Is 35152115 a prime number?
False
Is 16240897445 prime?
False
Is 13011622823 a prime number?
True
Is 234673814711 a prime number?
False
Is 92400172903 a composite number?
False
Is 4346490595 composite?
True
Is 8847869797 a composite number?
True
Is 5520257409 a prime number?
False
Is 164416691 a prime number?
False
Is 666441691 a prime number?
True
Is 1519156963 a composite number?
True
Is 157931764981 composite?
True
Is 2321087 prime?
True
Is 18097946159 a prime number?
False
Is 238157137 composite?
False
Is 19110368951 prime?
False
Is 7180759517 prime?
True
Is 4951029037 prime?
False
Is 1989355519 a composite number?
False
Is 1802421629 composite?
True
Is 1020215351 a prime number?
True
Is 2406647861 composite?
False
Is 28997571893 a composite number?
True
Is 266646811 composite?
False
Is 1795710643 composite?
False
Is 35273189561 prime?
True
Is 2569797287 prime?
False
Is 51147369857 prime?
False
Is 566191109 prime?
False
Is 762195823 a composite number?
False
Is 725056837 prime?
True
Is 8171351171 composite?
False
Is 36925510759 a prime number?
True
Is 21824280013 a composite number?
False
Is 12065438773 a prime number?
True
Is 183315011513 composite?
True
Is 1564651541 a composite number?
False
Is 1071217097 prime?
True
Is 5501032039 a prime number?
True
Is 4739717119 a composite number?
True
Is 27702831331 prime?
False
Is 40991526055 a prime number?
False
Is 24258632113 composite?
False
Is 19017897299 composite?
True
Is 17830121 a composite number?
True
Is 4455037541 composite?
False
Is 1219682369 composite?
True
Is 4804790147 prime?
True
Is 10148037233 a prime number?
True
Is 336370321 a prime number?
False
Is 481664533 prime?
False
Is 1029706543 prime?
False
Is 840727961 composite?
False
Is 36066643447 composite?
False
Is 11832606026 prime?
False
Is 1156945499 a prime number?
True
Is 118574513581 a prime number?
True
Is 577029637 prime?
False
Is 5971006877 composite?
True
Is 474823267 prime?
True
Is 1037995039 composite?
True
Is 1625550191 composite?
False
Is 2415488351 a composite number?
False
Is 26979553019 a composite number?
False
Is 6596285117 prime?
True
Is 78782557 prime?
False
Is 2416784203 prime?